the highest common divisor of r and g.
9
Suppose 40*c = -4*c + 924. Let h be 2/(1 + (-5)/7). What is the highest common factor of h and c?
7
Let m = 346 + -234. Calculate the greatest common factor of m and 21.
7
Let p(r) = -4*r + 2*r + r - 9 - 5*r. Let z be p(-6). What is the greatest common factor of 9 and z?
9
Let d = 73 + -33. Let b(i) = i**3 + 3*i**2 - i - 2. Let a be b(-2). Let v be ((-5)/2)/(a/(-8)). What is the greatest common factor of v and d?
5
Let m(w) = 2*w - 11. Let p be m(4). Let j be 100/(p/((-12)/8)). What is the greatest common factor of 10 and j?
10
Let u be 392/12 - 1/(-3). Let z be (14 - 2)/(-2)*8/(-12). Suppose f + 5*d = 31, -z*f + d + 52 - 12 = 0. Calculate the greatest common factor of f and u.
11
Let f(g) = g**3 - 4*g**2 + 4*g - 37. Let m be f(5). Let v(a) = 31*a + 2. Let o = 0 + 2. Let p be v(o). What is the highest common divisor of p and m?
8
Let d = 30 - -23. Suppose 5*q = -3*y + d, 5*y - 22 = -2*q + 3*y. What is the highest common divisor of 30 and q?
10
Let o be -2 + (-310)/3 + (-6)/9. Let k be (-5 + o/(-14))*(-28)/(-6). Calculate the greatest common divisor of k and 72.
12
Suppose -987 = -4*j + 805. Suppose 14*o - j = 6*o. Calculate the greatest common factor of o and 28.
28
Let i be (-4)/12 + 2558/6. Calculate the greatest common factor of i and 6.
6
Let o be -64*5/((-160)/24). Calculate the greatest common divisor of o and 80.
16
Suppose -6*x + 30 = -5*x. Let f = 63 + -88. Let z be (-7)/((-35)/(-2))*f. Calculate the greatest common divisor of z and x.
10
Let h(g) = g**3 - g**2 + g - 258. Let t be h(0). Let z = 170 + t. Let p be (z/(-4))/(1 + 1). What is the highest common factor of p and 121?
11
Suppose 11*g = 7*g - k + 50, 2*g - 2*k = 20. Calculate the greatest common factor of 36 and g.
12
Let b(i) = -3*i + 4. Let v be b(-6). Let w = 110 - v. Let k be 4/10 + ((-1330)/(-25))/7. What is the greatest common divisor of w and k?
8
Suppose -2113 = -i - 2*i + 4*h, 0 = 3*i + 3*h - 2106. Let m = i + -494. Suppose 54 + 41 = 5*j. What is the greatest common divisor of m and j?
19
Let h be -4 + 1 + (5 - 0). Suppose -2*o - 350 = -7*o. Suppose -h*d + o = -d. Calculate the highest common divisor of 14 and d.
14
Let m = 555 + -256. Let n be m/1 + (-4)/12*-3. What is the greatest common factor of 30 and n?
30
Let a(s) = -s**3 - 6*s**2 + 9*s + 2. Let t be a(-7). Let x be 35 + (t/48 - 11/4). What is the highest common divisor of x and 48?
16
Let x(c) = -c - 3. Let j be x(5). Let k(f) = -f**3 - 9*f**2 - 11*f - 4. Let n be k(j). Let o = -15 + n. What is the greatest common divisor of 10 and o?
5
Let y = 2637 + -2627. Let k be 11 + -2 - (2 - 3). What is the greatest common divisor of y and k?
10
Suppose -5*f + 28 + 22 = 0. Let t(u) = -u**3 + 5*u**2 + 6*u - 4. Let h be t(6). Let v = h - -14. What is the highest common factor of f and v?
10
Let p(b) = -5*b + 2. Let z be p(-2). Let h be (2 - -8)*9/6. Let k = h - z. What is the greatest common factor of 6 and k?
3
Let p = -20 + 20. Suppose p = l - 5. Suppose o - 2*b = 19, 4*o + 4*b = -0*o + 112. What is the highest common factor of o and l?
5
Let b(j) = 3*j**3 + j. Let t be b(1). Suppose -5*r + t*g - 60 = -10*r, -2*r - g = -21. Let x = 11 - r. What is the highest common divisor of 15 and x?
3
Let d(m) = -2*m**3 + 90*m**2 + 93*m - 35. Let w be d(46). Calculate the highest common divisor of 2 and w.
1
Let l = 0 - -56. Suppose 2*d + c = 7*d - l, c - 16 = -d. Calculate the highest common factor of d and 6.
6
Let b(p) be the first derivative of -4*p**3/3 + p**2 + 2*p + 4. Let w be b(2). Let q = -2 - w. Calculate the highest common factor of q and 12.
4
Suppose -3*k = -5*k + 8. Suppose -5*j - o + 75 = -7, 5*j + k*o = 88. What is the greatest common divisor of j and 40?
8
Let z be ((-120)/100)/((-2)/75). Let i be (-27)/z - (-596)/10. Let f = 92 - i. Calculate the greatest common factor of f and 3.
3
Let l(d) = -d**3 + 5*d**2 - 2*d - 8. Let b be 16/12*(0 - 3). Let m be l(b). Calculate the highest common factor of 24 and m.
24
Suppose -1148*f + 1144*f = -96. Calculate the highest common divisor of 54 and f.
6
Let t be 89/4 + (-1)/4. Let a be (-23)/161*49/(-1) - -48. Calculate the highest common factor of a and t.
11
Let g(q) = 2*q**2 - 5*q + 8. Let k = 7 - 3. Let i be g(k). Calculate the highest common divisor of 4 and i.
4
Let f(y) = 4*y - 5. Let n be f(1). Let u = n - -11. What is the greatest common factor of 40 and u?
10
Let o(a) = 11*a + 10. Let g be o(8). Let w be ((-49)/(-21))/((-1)/(-6)). What is the highest common factor of g and w?
14
Let p(a) = 4*a + 3. Suppose 0 = -g - 2*g - 9. Let c be p(g). Let n(j) = -j**2 - 10*j + 12. Let o be n(c). What is the highest common divisor of o and 21?
21
Suppose -5*b + 10 = 0, -3*b - 288 = -3*y - 0*b. What is the highest common divisor of y and 126?
14
Let b be (-8 - -3)*(-390)/25. Suppose -7*g = -g - 234. What is the highest common divisor of g and b?
39
Let q(n) = n**3 - 8*n**2 + 18*n + 7. Let a be q(7). Calculate the greatest common factor of a and 63.
21
Let t = -9 - -18. Let u be 27/18 - (-10)/4. Suppose -u*m + t = -31. What is the greatest common divisor of m and 2?
2
Let r = 30 + -27. Suppose 2*q - 127 = -5*t, 0*t - 3*t = -r*q - 93. Suppose a - t = -4. What is the highest common factor of 230 and a?
23
Suppose 3*s - 114 = 3*j, -6*j + 174 = 5*s - 3*j. Suppose 0 = 5*m - 1391 + 151. Suppose m + 22 = 3*k. Calculate the highest common factor of s and k.
18
Suppose j = 4*v + 121, 9*j - 113 = 8*j - 4*v. Calculate the highest common factor of 13 and j.
13
Let z(i) = 11*i**2 + 6*i + 12. Let o(j) = -10*j**2 - 5*j - 12. Let b(t) = -4*o(t) - 3*z(t). Let u be b(4). Calculate the highest common divisor of 11 and u.
11
Let r(c) = c**2 + 6. Let t(q) = q**2 + 8*q - 20. Let a be t(-10). Let s be r(a). What is the highest common factor of 30 and s?
6
Suppose 3*r = -s + 18, 12 = 2*r + 2*s - 0. Suppose 0*h = 3*h + r. Let p(c) = -11*c - 1. Let x be p(h). Calculate the highest common factor of x and 63.
21
Suppose 15*d = 14*d + 192. Calculate the highest common factor of d and 256.
64
Suppose 3591 = -27*l + 34*l. What is the highest common divisor of 27 and l?
27
Suppose -i - 4 = 0, -42*i = 2*w - 47*i - 80. Let c = -14 - -34. What is the greatest common factor of w and c?
10
Suppose -4 = -2*d + 4*v + 84, 0 = -5*d + 3*v + 227. Calculate the highest common divisor of 1058 and d.
46
Let i(f) = 3*f**2 + 10*f - 48. Let z be i(-8). What is the greatest common divisor of 112 and z?
16
Suppose -2286 = 32*g - 11406. Calculate the greatest common divisor of g and 38.
19
Let d = -584 + 593. Let t be (-554)/6 - 10/15. Let f = -30 - t. What is the highest common factor of f and d?
9
Let o be 3/10*(-4575)/90*-12. Calculate the greatest common divisor of o and 3.
3
Suppose 0 = 18*q - 12676 - 608. What is the greatest common divisor of q and 72?
18
Let d(t) = -27*t**3 + 2*t**2 + 2*t**2 - 8*t**2 - 4*t + 3*t**2. Let k be d(-2). What is the highest common factor of 20 and k?
20
Let v(o) = 3*o**2 - 12*o + 4. Let t be v(5). Suppose t*d - 21*d = -52. Calculate the highest common factor of d and 182.
26
Let n = 198 - 181. Calculate the greatest common factor of n and 51.
17
Suppose 3*x = 2*s - 3*s + 2, -s = 2*x - 4. Let n = 5 + s. Let o = -6 + n. What is the greatest common divisor of o and 77?
7
Let l(c) = 2*c + 52. Suppose 0 = -3*m + 8 + 1. Suppose 3*u = -m*u. Let i be l(u). Calculate the greatest common divisor of 78 and i.
26
Let g = -8 - -16. Let i = g - -16. Let h be i/30 + (-152)/(-10). What is the highest common factor of h and 4?
4
Let m(a) = a + 1. Let s(y) = -2*y - 1. Let p(n) = -5*m(n) - 3*s(n). Let k be p(13). What is the highest common factor of k and 88?
11
Suppose -1 = p - 0. Let f be (2 + (-3)/1)/p. Let r be 2 - (1 - 1 - f). What is the highest common factor of r and 21?
3
Suppose -2*c + 0*c = 3*h - 21, 0 = -5*c + 2*h + 81. Let z be (36/c)/((-1)/(-35)). Calculate the greatest common divisor of 12 and z.
12
Let i(u) = 67*u - 5. Let j be i(3). Suppose -2*m + 115 - 39 = -5*t, 0 = 4*m + t - j. Calculate the greatest common factor of 32 and m.
16
Let b(j) = 4*j**2 - j - 4. Suppose 6*r = 4*r + 4. Let l be b(r). Let n be (-1 + 9/6)*l. What is the highest common factor of 40 and n?
5
Let p(f) = 2*f - 33. Let s be (1 - -18) + 1 + 3 + 0. Let w be p(s). What is the highest co